 {"id":7,"date":"2019-03-06T12:40:52","date_gmt":"2019-03-06T10:40:52","guid":{"rendered":"http:\/\/arzuapart.com\/?page_id=7"},"modified":"2021-12-31T15:18:35","modified_gmt":"2021-12-31T13:18:35","slug":"bize-ulasin","status":"publish","type":"page","link":"https:\/\/arzuapart.com\/?page_id=7","title":{"rendered":"Bize ula\u015f\u0131n"},"content":{"rendered":"<p>Arzu Apart Dat\u00e7a Mahallesi 85. Sokak No:21, 48900 Dat\u00e7a\/Mu\u011fla<\/p>\n<p>Tel1: +90 546 578 22 76<\/p>\n<p>Tel2: +90 542 387 73 75<\/p>\n<p>email: <a href=\"mailto:arzuapartdatca@gmail.com\">arzuapartdatca@gmail.com<\/a><\/p>\n\n\n<figure class=\"wp-block-image\"><a href=\"https:\/\/www.google.com\/maps\/dir\/36.7308098,27.6877206\/85.+Sk.+No:21,+Dat%C3%A7a+Mahallesi,+48900+Dat%C3%A7a%2FMu%C4%9Fla\/@36.7296087,27.6861038,16.75z\/data=!4m8!4m7!1m0!1m5!1m1!1s0x14be24e1a15aade1:0xec22f27996537f1!2m2!1d27.687806!2d36.730848\" target=\"_blank\" rel=\"noreferrer noopener\"><img decoding=\"async\" loading=\"lazy\" width=\"461\" height=\"453\" src=\"http:\/\/arzuapart.com\/wp-content\/uploads\/2019\/03\/harita-3.png\" alt=\"\" class=\"wp-image-261\" srcset=\"https:\/\/arzuapart.com\/wp-content\/uploads\/2019\/03\/harita-3.png 461w, https:\/\/arzuapart.com\/wp-content\/uploads\/2019\/03\/harita-3-300x295.png 300w\" sizes=\"(max-width: 461px) 100vw, 461px\" \/><\/a><\/figure>\n","protected":false},"excerpt":{"rendered":"<p>Arzu Apart Dat\u00e7a Mahallesi 85. Sokak No:21, 48900 Dat\u00e7a\/Mu\u011fla Tel1: +90 546 578 22 76 &#8230; <\/p>\n<div class=\"text-center\"><a class=\"theme-btn\" href=\"https:\/\/arzuapart.com\/?page_id=7\">Read More<\/a><\/div>\n","protected":false},"author":1,"featured_media":0,"parent":0,"menu_order":0,"comment_status":"closed","ping_status":"closed","template":"","meta":[],"_links":{"self":[{"href":"https:\/\/arzuapart.com\/index.php?rest_route=\/wp\/v2\/pages\/7"}],"collection":[{"href":"https:\/\/arzuapart.com\/index.php?rest_route=\/wp\/v2\/pages"}],"about":[{"href":"https:\/\/arzuapart.com\/index.php?rest_route=\/wp\/v2\/types\/page"}],"author":[{"embeddable":true,"href":"https:\/\/arzuapart.com\/index.php?rest_route=\/wp\/v2\/users\/1"}],"replies":[{"embeddable":true,"href":"https:\/\/arzuapart.com\/index.php?rest_route=%2Fwp%2Fv2%2Fcomments&post=7"}],"version-history":[{"count":9,"href":"https:\/\/arzuapart.com\/index.php?rest_route=\/wp\/v2\/pages\/7\/revisions"}],"predecessor-version":[{"id":1113,"href":"https:\/\/arzuapart.com\/index.php?rest_route=\/wp\/v2\/pages\/7\/revisions\/1113"}],"wp:attachment":[{"href":"https:\/\/arzuapart.com\/index.php?rest_route=%2Fwp%2Fv2%2Fmedia&parent=7"}],"curies":[{"name":"wp","href":"https:\/\/api.w.org\/{rel}","templated":true}]}}